of 360 and 273472?
8
Calculate the highest common divisor of 32973 and 154251.
87
Calculate the greatest common factor of 615242430 and 2790.
2790
What is the greatest common divisor of 33779685 and 15?
15
Calculate the greatest common factor of 35962284 and 12.
12
Calculate the highest common factor of 10184858 and 58.
58
Calculate the highest common divisor of 3192747 and 16656.
1041
Calculate the greatest common factor of 16 and 272629756.
4
What is the greatest common factor of 103750 and 13446?
166
What is the greatest common factor of 5905409 and 77197?
323
Calculate the greatest common factor of 101029 and 3327439.
3259
Calculate the highest common divisor of 255502 and 78182.
806
What is the greatest common divisor of 1759354049 and 58?
29
Calculate the highest common factor of 247962941 and 362.
181
Calculate the highest common divisor of 77095 and 605965.
85
What is the greatest common factor of 80073 and 1109829?
861
Calculate the greatest common factor of 72175 and 29175.
25
Calculate the greatest common divisor of 23567287 and 17.
17
What is the greatest common divisor of 5034867 and 24453?
57
Calculate the greatest common divisor of 4949750 and 12500.
250
What is the highest common divisor of 149 and 344784808?
149
What is the highest common divisor of 903 and 353703?
21
Calculate the highest common factor of 7368 and 1417620392.
2456
Calculate the greatest common factor of 3456 and 1011474.
54
Calculate the greatest common factor of 39617904 and 116400.
4656
Calculate the highest common factor of 491275 and 58176100.
11425
What is the highest common divisor of 2015906 and 50402?
58
Calculate the highest common factor of 8 and 67856248.
8
What is the highest common factor of 199722 and 522?
6
Calculate the greatest common factor of 5350 and 491130.
1070
Calculate the highest common factor of 5464605 and 1515.
1515
Calculate the highest common divisor of 1690374 and 2112124.
3374
What is the greatest common divisor of 795 and 3319020?
15
Calculate the greatest common factor of 2954 and 65702.
14
Calculate the highest common divisor of 184846 and 4176.
58
Calculate the highest common divisor of 11354 and 3508708.
14
What is the greatest common factor of 45262 and 609394?
106
Calculate the greatest common divisor of 15114720 and 192.
96
Calculate the greatest common factor of 1508 and 14245036.
52
Calculate the greatest common factor of 6889 and 414917.
83
Calculate the highest common divisor of 8251520 and 720.
80
Calculate the greatest common factor of 112520158 and 1737.
193
What is the greatest common factor of 27 and 848349?
9
What is the greatest common factor of 76372 and 12817976?
1252
Calculate the greatest common divisor of 64376160 and 430.
430
Calculate the greatest common divisor of 2921906 and 2158.
26
What is the greatest common factor of 36435 and 6065?
5
Calculate the greatest common divisor of 4324 and 26168756.
92
What is the highest common divisor of 22373231 and 61825?
2473
Calculate the greatest common divisor of 349880214 and 111.
111
What is the greatest common divisor of 56979300 and 65100?
2100
What is the greatest common factor of 312 and 263815240?
104
What is the highest common factor of 4906856 and 32?
8
What is the greatest common factor of 23025 and 23225?
25
Calculate the greatest common divisor of 264225 and 47775.
975
What is the highest common factor of 431501992 and 74?
74
What is the greatest common factor of 67489850 and 4625?
925
Calculate the greatest common divisor of 2884 and 13166284.
412
What is the highest common factor of 21081328 and 32?
16
What is the highest common divisor of 44908307 and 35300?
353
Calculate the greatest common divisor of 288845 and 53915.
205
What is the highest common divisor of 39546 and 34794?
18
What is the highest common factor of 910 and 709898?
14
What is the greatest common divisor of 4883760 and 913710?
3990
Calculate the greatest common factor of 390610 and 2420.
110
What is the greatest common factor of 20908691 and 8755?
1751
What is the highest common divisor of 2447340 and 840?
420
What is the greatest common divisor of 10142106 and 312?
78
What is the greatest common factor of 163594 and 11618?
314
What is the highest common factor of 23543259 and 64881?
267
Calculate the highest common divisor of 826446 and 71534.
1522
What is the highest common factor of 457012 and 86132?
244
What is the highest common divisor of 538817868 and 252?
36
Calculate the highest common factor of 1064661 and 89310.
39
Calculate the greatest common divisor of 7410 and 12331.
19
Calculate the highest common divisor of 23004 and 489276.
36
What is the highest common factor of 16309528 and 96?
8
Calculate the greatest common factor of 114899344 and 28.
28
What is the highest common factor of 14752515 and 170?
85
What is the greatest common divisor of 273 and 8463?
273
What is the greatest common divisor of 413032 and 1648?
8
What is the highest common divisor of 1680 and 9902760?
840
What is the highest common divisor of 131631 and 20157699?
4539
Calculate the greatest common divisor of 22255626 and 236.
118
Calculate the greatest common factor of 4887 and 22202184.
543
What is the highest common divisor of 7877421 and 153?
9
Calculate the greatest common factor of 7931 and 12888596.
721
What is the greatest common divisor of 1424 and 93104?
16
Calculate the greatest common factor of 19019531 and 82.
41
What is the greatest common factor of 30 and 693870960?
30
Calculate the highest common divisor of 7 and 415736.
1
Calculate the highest common factor of 51 and 9981380.
17
Calculate the greatest common factor of 40800 and 7228800.
2400
Calculate the greatest common divisor of 55424433 and 6495.
1299
Calculate the highest common divisor of 730225333 and 2836.
709
What is the greatest common divisor of 28 and 120473360?
28
Calculate the highest common factor of 1186 and 188103751.
593
Calculate the highest common divisor of 19870713 and 464.
29
Calculate the greatest common divisor of 7 and 302316637.
7
What is the greatest common divisor of 1014 and 1932227362?
338
What is the greatest common factor of 2905 and 22958796?
581
Calculate the greatest common factor of 149349993 and 91.
13
Calculate the highest common factor of 10 and 163045955.
5
Calculate the greatest common divisor of 2584 and 66152.
8
Calculate the greatest common divisor of 5544 and 40082427.
693
Calculate the greatest common divisor of 4937888 and 1508.
116
What is the greatest common divisor of 31750 and 56896?
254
What is the highest common factor of 506 and 73499858?
46
What is the highest common divisor of 12 and 831156?
12
Calculate the highest common divisor of 312853 and 151119.
193
Calculate the highest common divisor of 204195857 and 655.
131
What is the greatest common divisor of 1 and 35446561?
1
Calculate the greatest common factor of 4944 and 75728896.
1648
What is the greatest common factor of 18203 and 37909?
167
Calculate the highest common factor of 2368 and 22837251.
37
What is the highest common factor of 6 and 405794922?
6
Calculate the highest common divisor of 2176080 and 120.
120
Calculate the greatest common factor of 101773347 and 1443.
1443
Calculate the highest common divisor of 621836 and 9628.
332
Calculate the highest common divisor of 146080 and 43032.
88
Calculate the highest common divisor of 159 and 4360893.
159
Calculate the greatest common factor of 427956 and 224352.
228
What is the highest common divisor of 934503 and 879?
3
Calculate the greatest common divisor of 1232 and 4709056.
176
Calculate the highest common divisor of 124 and 993079544.
124
Calculate the highest common divisor of 872695 and 2635.
85
Calculate the greatest common factor of 35 and 7255045.
35
Calculate the highest common factor of 247 and 17023886.
19
What is the highest common divisor of 140961656 and 3352?
3352
What is the highest common divisor of 1638070 and 2254?
98
What is the highest common factor of 4817617 and 298?
149
What is the highest common divisor of 7004 and 22211538?
206
Calculate the greatest common divisor of 345 and 1040610.
15
What is the greatest common divisor of 60 and 1752405?
15
Calculate the greatest common divisor of 687251 and 32383.
53
Calculate the greatest common